- 5*w + 2, -5*g - w = -3*g - 3. Let b(m) = 152*m**2 + 1. Let f be b(g). Calculate the highest common divisor of f and p.
51
Suppose 1337*j - 32600 = 731508 - 133044. Let w(o) = o**3 - 5*o**2 + 3*o - 7. Let v be w(5). Calculate the greatest common divisor of j and v.
8
Suppose -5*t + 22 = -f, 2*f = -t - 0*t. Suppose t*d - 456 = -0*d. Let m = d - 92. What is the highest common divisor of m and 11?
11
Let d = 7601 - 7559. Let i(r) = 3*r**2 + 3*r + 3. Let f be i(4). Calculate the greatest common divisor of d and f.
21
Suppose 1388 = 94*i - 98*i. Let k be ((-12)/16)/(-3) - i/4. What is the highest common factor of 29 and k?
29
Let x be (38 - 31)/((-346)/58 + 6). What is the greatest common divisor of 3277 and x?
29
Let o = 397 + -359. Suppose -5*g + 188 - o = 0. Calculate the highest common divisor of g and 54.
6
Suppose 54 - 274 = 5*f. Let c be (-11)/f*(248 - 0). Calculate the highest common divisor of c and 155.
31
Let o be ((-11)/4 - (-3)/(-12)) + 48. Let f be (6/(-27) + 775/o)*6. Suppose f = -2*w + 8*w. What is the greatest common factor of 17 and w?
17
Let l be ((-178)/445)/((2/1)/(-20)). Suppose 0 = -7*o - 3*s + 939, l*s = -3*o + 3*s + 401. Calculate the greatest common factor of 99 and o.
33
Suppose -3*c + 3348 = -4*c + 22185. Calculate the greatest common divisor of c and 21.
21
Let q(z) = 77*z**2 - 29*z - 101. Let g be q(-4). What is the greatest common factor of 43 and g?
43
Let i(d) = -d**3 - 11*d**2 + 117*d + 95. Let a be i(7). Calculate the greatest common factor of 1416 and a.
8
Let i be (-19808)/(-18) + (-236)/531. Calculate the highest common divisor of i and 150.
50
Let z(l) = -2*l - 8. Let h be z(-6). Suppose 221*n + 4784 = 256*n + 264*n. What is the highest common factor of h and n?
4
Let w(j) = -7*j - 97. Let o be w(-16). Suppose o*a - 288 = 3*a. Calculate the greatest common factor of 3 and a.
3
Let b = -111 - -119. Suppose 2*j - 55 = 3*m - b*m, -j + 4*m + 21 = 0. What is the highest common divisor of 325 and j?
25
Let f be 2*-1*2/(40/(-30)). Suppose f*x = 62 + 103. Calculate the greatest common factor of 110 and x.
55
Let l = -551 - -829. Let u = l + -255. What is the highest common factor of 391 and u?
23
Let k(g) = 47*g - 1. Let f be k(1). Let n = -59 - -269. Suppose -27*v = -411 - n. Calculate the highest common divisor of v and f.
23
Let c(u) = 10*u + 75. Let y be c(-7). Suppose -3*k + z + 120 = -2*z, -y*k + 208 = -3*z. Calculate the highest common factor of k and 220.
44
Let c be -4 + 2220/45*((-30)/(-8) + -3). Calculate the greatest common divisor of 451 and c.
11
Let l(b) = 320*b - 10. Let v be l(-2). Let m = -434 - v. Suppose 0 = 3*j - j - 54. Calculate the greatest common divisor of m and j.
27
Suppose 5*o + 561 + 344 = 0. Let d = -147 - o. Let j(u) = 6*u**2 - 3*u + 1. Let y be j(4). Calculate the highest common divisor of y and d.
17
Let w(z) = 17*z**2 + 125*z + 1286. Let b be w(-14). Calculate the highest common divisor of b and 12.
12
Let t be (-3 - -1) + (6 - 2). Suppose j = t*j - 3, -j = -a + 129. What is the highest common divisor of 60 and a?
12
Suppose -5*o = -2*d + 25, 5*d - 2*o - 4 = 27. Suppose -808 + 223 = -d*p. What is the highest common divisor of p and 13?
13
Let p = -15526 + 20657. Calculate the greatest common factor of p and 7.
7
Suppose -5*b + 25 = 0, 3*g - 31 - 172 = -4*b. Suppose 7*r + g = 292. What is the highest common factor of r and 55?
11
Suppose q = 2*z - 20 + 162, -z - 7 = 0. Calculate the highest common divisor of 2432 and q.
128
Let t be ((-6)/(-9))/(-3 - (-20968)/6984). Calculate the greatest common factor of 3104 and t.
97
Let q be (19/(-266) + 4594/28)*(-4)/(-2). Let d be 63/4 - (-1)/4. Calculate the greatest common divisor of q and d.
8
Let w be (-2 - (-7)/4) + 3942/24. Suppose 7*j - 3*j - w = -h, j = -2*h + 335. Calculate the greatest common divisor of 60 and h.
12
Let w = -8533 + 10091. Calculate the highest common divisor of 164 and w.
82
Let c(q) = 20 - 6 + 4*q + 335*q**2 - 334*q**2 + 5*q. Let s be c(0). What is the highest common divisor of 168 and s?
14
Suppose 5*b + 521 - 616 = 0. Calculate the highest common factor of 3743 and b.
19
Let h(t) = -t**2 - 15*t + 5. Suppose -105 = -3*v + 8*v. Let c be h(v). Let f = 268 + c. Calculate the highest common divisor of f and 21.
21
Let q(w) = w**3 - 4*w**2 + 4*w - 1. Let n be q(3). Let p = -369 - -342. Let j be (-14)/(n + p/12). What is the highest common divisor of j and 7?
7
Let f(a) be the first derivative of a**2/2 + 5*a + 119. Let d be f(1). Calculate the greatest common factor of 51 and d.
3
Suppose 5*l + 6 - 1 = -5*s, -5*s = 5. Let c be (l + -3)*(-16 + 10). Suppose 2*p - 8*p = -c. Calculate the highest common factor of 12 and p.
3
Let l = -546 - -781. Let f be (8 - 3) + (-137)/(-1) + -1. What is the greatest common divisor of l and f?
47
Let v = 31361 + -21567. Calculate the highest common factor of v and 59.
59
Let s be (6 - -4) + -5 - (3 - 3). Suppose -2*n + 41 = -s*y + 156, -5*y - 4*n + 145 = 0. Calculate the greatest common factor of 525 and y.
25
Let m be 429/11*(-4)/(-12). Suppose 12*f = 11*f + 65. What is the greatest common divisor of m and f?
13
Let q(k) = k**2 + 57*k - 2430. Let u be q(-86). What is the greatest common divisor of 704 and u?
64
Suppose -10*x - 658 = 1482. Let i = x + 736. Calculate the highest common factor of i and 58.
58
Suppose 0 = -3*i - 2*a + 23, 5*i + 3*a - 8*a = 5. Suppose 28 = -2*z - i*z. Let n be 0 + z - (-5 + -18). Calculate the greatest common divisor of 19 and n.
19
Let n be (69 + (-2 - 3))*(-30)/(-8). Suppose 4*q - 90 = -22*q + 11*q. Calculate the greatest common divisor of n and q.
6
Let q(j) = -13*j + 243. Let a be q(13). Suppose 9890 = a*l - 28*l. Calculate the highest common divisor of l and 10.
5
Let a(m) = 2*m**3 - 51*m**2 + 317*m - 21. Let b be a(6). Calculate the greatest common divisor of b and 63.
9
Let y = -356 + 359. Suppose y*j + h - 24 = 0, -11*j - 4*h = -7*j - 32. Calculate the greatest common divisor of 140 and j.
4
Let d(c) = -10*c + 59. Let w be d(8). Let a be 16/(-14)*(-8)/(-48)*w. Let l = 10 + -6. Calculate the greatest common divisor of a and l.
4
Let c(n) = n**3 - 5*n**2 - 6*n + 16. Let r be c(6). Let i be (-2 - 1)*440/(-6). Suppose r*d - 6*d = i. What is the greatest common factor of d and 55?
11
Let j be (3 - -1) + -2 - (-77)/1. Let d = 64 + j. Calculate the highest common divisor of 13 and d.
13
Suppose -8*v + 6*v + 5*c = -150, -2*c = -v + 74. Let t(s) = s**3 + 4*s**2 - 103*s - 181. Let a be t(-11). Calculate the greatest common divisor of v and a.
35
Suppose 5*t + d + 140 = 35, -2*d + 50 = -3*t. Let f be -3 + (t/2)/(0 - 1). Let o be f + (0 - (9/3 - 6)). What is the highest common factor of o and 100?
10
Let b = 808 + -1192. Let n be ((-33)/(-4))/((243/b)/(-27)). What is the greatest common factor of 55 and n?
11
Suppose 635*p = 619*p + 384. What is the highest common factor of p and 474?
6
Suppose -177*i + 2*v = -172*i - 154, -163 = -5*i - v. What is the greatest common factor of 12912 and i?
16
Let f = 45 - 40. Let s = -3 - 17. Let a = f - s. Calculate the highest common factor of a and 5.
5
Suppose 5*m - 2*v - 308 = v, 0 = m + v - 60. Let j be (-7 + m)/(3/2). Suppose 36*p = 13*p + 9108. What is the greatest common factor of j and p?
36
Let v = 555 - 544. Suppose v*w - 1564 = 1571. Calculate the highest common divisor of 171 and w.
57
Let p = 34 - 32. Let q(u) = p*u + 93 - 87 - u. Let g be q(7). What is the greatest common divisor of g and 13?
13
Suppose 2*m + 3*r - 68 = -r, 0 = 5*m - 2*r - 146. Suppose 43*p + 344 = 47*p. Let q = p - m. Calculate the highest common factor of 8 and q.
8
Let w = 387 - 92. Let u = w + -160. Suppose 4*v + 136 = 4*m, -23 = m + 14334*v - 14332*v. What is the highest common divisor of m and u?
15
Suppose -234*j = -289*j + 2915. What is the highest common factor of j and 5777?
53
Let k = 18551 - 18356. What is the highest common divisor of k and 351?
39
Suppose 4*l - 3*l = 5. Suppose 36 + 9 = l*t. Suppose 10 = -t*d + 64. Calculate the highest common divisor of d and 3.
3
Let n be (-6)/(15/40*-4) + 15. Suppose -n*d + 47*d = 5152. Calculate the highest common factor of 69 and d.
23
Suppose -98*z - 5*x - 581 = -101*z, 187 = z - 3*x. Calculate the greatest common divisor of 5050 and z.
202
Let p be -3 - (-11)/(121/99). Suppose 2*i = 5*i + 